the prime factors of g.
2, 3, 823
Suppose -191123 = -45*h + 7867. List the prime factors of h.
2, 3, 11, 67
Let k = 8707 + 17432. What are the prime factors of k?
3, 8713
Suppose m - 3 = 0, -3*q + 2*m + 1 = -2. Suppose -w = -q, y - 2*w = 2*w - 8. Suppose a - y*a + z = -120, 2*a - z = 80. What are the prime factors of a?
2, 5
Let j(w) = 4*w**2 + 21*w + 155. Let y = -344 + 334. List the prime factors of j(y).
3, 5, 23
Suppose 13*p + 2 = 12*p. Let d be (40/15)/(p/(-24)). Let q = 116 + d. What are the prime factors of q?
2, 37
Let g(y) be the first derivative of -5*y**3/3 - 25*y**2/2 - 8*y + 2. Let t(c) be the first derivative of g(c). What are the prime factors of t(-10)?
3, 5
Suppose 3*f = 0, 12 = 3*r - 6*f + 3*f. Suppose 3*k - 120 = -3*n, -r*n + k + 241 - 91 = 0. Let u = 98 - n. List the prime factors of u.
2, 3, 5
Let c(s) = 4*s + 34. Let m be c(0). Let x = m + -30. Suppose y + 0*h = -h + 45, -x*h = 0. List the prime factors of y.
3, 5
Let y(q) = 61*q**2 - 8*q - 76. What are the prime factors of y(5)?
1409
Let j be 14/77 - (-11832)/22. List the prime factors of (17 - 13)*j/4.
2, 269
Let f(l) be the third derivative of -2/15*l**5 + 1/4*l**4 + 0*l - 32*l**2 + 0 + 1/120*l**6 - 5/2*l**3. What are the prime factors of f(9)?
2, 3, 5
Let l be (-2 - 14/(-3)) + 14/(-21). Suppose 3*m - t = 1385, -m + l*t + 3 = -457. What are the prime factors of m?
2, 3, 7, 11
Let x = 251 + -249. Suppose 993 = w - 2*t, -t + 1188 = x*w - 783. What are the prime factors of w?
3, 7, 47
Suppose 0 = b - 283 + 101. Let v(l) = -15*l**2 - 7*l - 14. Let m be v(-3). Let k = b + m. List the prime factors of k.
2, 3
Suppose -4*g - 11*g + 624220 = 8*g. What are the prime factors of g?
2, 5, 23, 59
Let w(u) = u**2 + 2*u - 40. Let t be w(5). What are the prime factors of (-1)/(t + (-21063)/(-4214))?
2, 7, 43
Let g(b) = -6*b + 160. Let w be g(25). What are the prime factors of (-2)/w + 109693/215?
2, 3, 5, 17
Let u(t) = 3854*t**2 - 516*t + 1541. What are the prime factors of u(3)?
34679
Let l(z) = 7*z + 31. Let i be 5/((-2)/8*0 + 1). Suppose -5*v + 21 = -a - 14, 0 = i*a. List the prime factors of l(v).
2, 5
Let i be -4 + 2 - (7 - 10). Let o(z) = -28*z**2 - 1. Let s be o(i). List the prime factors of (s/(-4)*-2)/((-6)/60).
5, 29
List the prime factors of 10 + 707592/30 + 2/(-5).
2, 17, 347
Let p(f) = 20*f**2 - 9*f + 965. List the prime factors of p(18).
7283
Suppose o + 51 + 28 = 0. Suppose -3*x = -5*p - 419, 3*x - 421 = -2*p + 6*p. Let t = x + o. List the prime factors of t.
2
Let a(w) = -150 + 116 - w - 17*w. List the prime factors of a(-3).
2, 5
Let o be (-11 - -12)/((-1)/2). What are the prime factors of (-5 - o)*(-7850)/30?
5, 157
Let c = -134 + 140. List the prime factors of (-450 - c)/(-3)*2.
2, 19
Suppose h + 5 = 2*m + 4*h, -4*h + 20 = -4*m. Let g be (-9)/m - (-3)/(-6)*1. Suppose -a - g*a = -905. List the prime factors of a.
181
Let a = 14 - 12. Suppose 3*x - a*x = -4*x. Suppose -4*l + 3*p + 315 = x, 4*p + 27 = 7. List the prime factors of l.
3, 5
Suppose 140*y + 114*y - 9840214 = 0. What are the prime factors of y?
19, 2039
Let t(b) = 579*b**2 - 13*b - 13. Let c(a) = -578*a**2 + 13*a + 13. Let g(m) = -5*c(m) - 4*t(m). List the prime factors of g(-1).
2, 7, 41
Let w = 13352 + -7900. List the prime factors of w.
2, 29, 47
Let z(w) = 28*w**3 + 33*w**2 - 72*w - 129. List the prime factors of z(12).
3, 7, 13, 191
Suppose 64*s - 6566 - 63962 = 0. What are the prime factors of s?
2, 19, 29
List the prime factors of 8 - ((-10 - -10) + -9292).
2, 3, 5, 31
Suppose -5019 = -5*z + 3*c + 3360, 3*c + 9 = 0. Suppose -22*k + 28*k = z. List the prime factors of k.
3, 31
Suppose -10 - 74 = 12*n. Suppose -114*d + 224 = -118*d. What are the prime factors of (-1482)/n + ((-128)/d)/8?
2, 53
Suppose 93 = 25*x + 4518. Let p = -129 - x. List the prime factors of p.
2, 3
Let g(z) = -2*z**2 - 6*z - 13. Let d(w) = w + 5. Let y be d(-2). Let j(x) = x**2 + 3*x + 6. Let r(l) = y*g(l) + 7*j(l). What are the prime factors of r(4)?
31
Suppose -q - q - 2*v = 10, -2*q = 5*v + 25. Suppose -2*i - 3*b = -0*b - 10, q = -4*b. Suppose -i*g + 2*g + 516 = 0. What are the prime factors of g?
2, 43
Let x be 14/91 + 72/39. Let y be 96 + x + -1 + 0. Let n = -55 + y. List the prime factors of n.
2, 3, 7
Suppose -17720 = -2*x + 4*i, -3*x - 5641 + 32201 = 4*i. List the prime factors of x.
2, 3, 41
Let v = -51 - -79. Suppose v*w - 4*w - 12288 = 0. List the prime factors of w.
2
Suppose -g - 1435 = -0*j + 4*j, 0 = -j - 3*g - 367. Let y = j - -606. What are the prime factors of y?
2, 31
Suppose 1279 = 4*m - 1057. Suppose z - 443 = -2*z + 4*r, 0 = 4*z - 4*r - m. What are the prime factors of z?
3, 47
Let z(u) = -u**3 + 107*u**2 - 30*u + 515. What are the prime factors of z(106)?
3, 2857
Suppose 12*c - 48863 - 167581 = 0. What are the prime factors of c?
17, 1061
Let y(u) = u**2 + 4*u - 1. Let r be y(1). List the prime factors of 440*(r - 56/20).
2, 3, 11
Let m(z) be the third derivative of z**6/360 + z**5/40 + z**4/2 + 4*z**3/3 + 4*z**2. Let t(v) be the first derivative of m(v). List the prime factors of t(-6).
2, 3, 5
Suppose 93521 = 20*g - 48399. List the prime factors of g.
2, 887
Let t = 34952 + -17314. List the prime factors of t.
2, 8819
Let r = -23189 + 83074. What are the prime factors of r?
5, 7, 29, 59
Suppose 4*x + 16 = 0, -4*g - x + 126 = 146. Suppose -434 = 4*m + 6*q - q, 3*m + 3*q = -327. List the prime factors of (g/4)/((8/m)/8).
3, 37
Let a = -92 - -97. Suppose -5*z = 5*s - a, 0 = 2*z - 0*z - 3*s + 3. What are the prime factors of z/6 - 47/(-1)?
47
Suppose -3 = -15*b + 147. Let y(p) = 3*p**2 - 27*p + 41. What are the prime factors of y(b)?
71
Let a(u) = 710*u + 2425. List the prime factors of a(19).
3, 5, 1061
Let b = -1076 - -1552. Let a = b + -134. What are the prime factors of a?
2, 3, 19
Let w = -73 - -81. List the prime factors of (1 - -6)*(18 + w).
2, 7, 13
Suppose 17*k = -36 + 104. Suppose 0 = 3*v + k*z - 2107, -5*v + 0*z + 3501 = -4*z. What are the prime factors of v?
701
Suppose -2*u + 384 = -f + 17, -370 = -2*u + 4*f. Let t(s) = -s + 357. Let a be t(0). Suppose -4*h + a = -u. List the prime factors of h.
3, 5
Let z = 160 + -139. Suppose 3648 = z*w - 2*w. List the prime factors of w.
2, 3
Let w(u) = u**2 + 6*u - 6. Let c be w(-6). List the prime factors of ((-2)/(-4))/(c/(-2340)) + -4.
191
Suppose 2*j + 103*j - 1608936 = -78*j. What are the prime factors of j?
2, 7, 157
Let g(c) = 4*c - 10. Let x(b) = 15*b - 41. Let z(v) = -22*g(v) + 6*x(v). Let y be z(20). List the prime factors of (-404)/(-5) - y/(-70).
3
Let u be 34/(-4) - (-35)/14. Let n be 1/((-2)/u) - (-20 + 19). Suppose 5*v = -n*c + 464, -2*c = -6*c - 4*v + 464. What are the prime factors of c?
2, 29
Suppose -4*c - 763 = 5*v - 2783, 3*c = 5*v + 1515. Let s = -95 + c. What are the prime factors of s?
2, 5, 41
Let l(w) = w**2 - 9*w - 15. Let f be l(10). Let z be 141 + f + 4 + -2. Suppose -z = -r + 25. What are the prime factors of r?
163
Let c(u) = -556*u + 113. What are the prime factors of c(-18)?
29, 349
Let a be 3*(42/(-9))/(-7). What are the prime factors of 173 - (a + 0/2 - 2)?
173
Let s be 14/(-6)*(4 + -7). Suppose 2329 + 4552 = s*i. What are the prime factors of i?
983
Suppose 3*q + 285 = 3*k, 2*k + 2*k - 186 = 2*q. Let r = 44 + q. Let c = r - -180. List the prime factors of c.
127
Let n(w) = w**2 - 7*w + 22. Let a be n(3). Suppose -4*h = -a*h + 210. Suppose 2*d - d - h = 0. What are the prime factors of d?
5, 7
Let u(w) = 277*w**2 - 129*w + 1941. What are the prime factors of u(12)?
3, 29, 463
Suppose 3*z - 13275 = 2*q, -25*q + 16*q - 8804 = -2*z. List the prime factors of z.
43, 103
Suppose -3*r + x - 2*x + 1361 = 0, 1819 = 4*r - 3*x. Let a = 677 - r. What are the prime factors of a?
223
List the prime factors of 0 + (-12)/4 - (1 - 33426*1).
2, 17, 983
Let u(k) = 370*k - 8. Let w be u(3). Suppose -j + 1473 = 4*g - 6*j, 3*g - w = j. Suppose -d + 197 = 5*s, -2*s = 2*d - s - g. List the prime factors of d.
2, 7, 13
Suppose v = -1 - 4. Let q(p) = -7*p - 2. Let r(d) = -5*d + 5. Let z(l) = 3*q(l) + r(l). What are the prime factors of z(v)?
3, 43
Let s = 37 - 76. Let z be (s/(-12) - 4)*4 + 3. Suppose z*o = -5*o + 2*d + 973, 20 = -5*d. What are the prime factors of o?
193
Suppose -h = b - 1, h + 2*b = -0*h - 2. Suppose 3*x = 0, -2*f + 1089 = f +